the highest common factor of u and x.
14
Let w(h) = 24*h + 410. Let y be w(-17). Suppose y*s = -609 + 881. What is the greatest common factor of s and 102?
34
Suppose -7*b - 56 - 238 = 0. Let f(l) = 3*l**2 + 20*l - 10. Let u be f(-9). Let h = b + u. What is the highest common divisor of 44 and h?
11
Suppose 40*m + 35*m - 4875 = 0. Calculate the highest common factor of 182 and m.
13
Suppose -25658 = -14*z - 5936 + 4022. What is the highest common divisor of z and 352?
32
Let f(g) = -51*g - 2687. Let z be f(-53). What is the greatest common factor of 1616 and z?
16
Suppose -109*t = -8*t - 63 - 341. What is the greatest common divisor of 2500 and t?
4
Let o = -17141 + 36351. What is the highest common divisor of 170 and o?
170
Let f be (-508)/(-3)*(-6)/(-4). Suppose -3*c + c + f = 0. Suppose c = 15*i - 113. Calculate the greatest common factor of i and 8.
8
Let y be -7*(12*-1)/2. Suppose 0 = -4*p + 25 - 5. Suppose 4*s = -5*v + 1882, 5*s = -p*v + 4*s + 1888. Calculate the highest common divisor of y and v.
42
Let g be (-4 + 1)*42/(-63). Let v(k) = -35 + k**g + 40 + 2*k**2 + 13*k. Let l be v(-5). Calculate the highest common factor of 15 and l.
15
Let h(x) = -7*x**2 + 17*x - 39. Let j be h(-12). Let y = j - -1284. Suppose 3*p - 10*v = -5*v + 91, -5 = v. What is the greatest common factor of p and y?
11
Suppose -4*f - 54 = -46. Let p be f*((-1435)/10)/7. What is the highest common factor of 287 and p?
41
Suppose 69*t - 31*t - 21672 = -88*t. What is the greatest common divisor of t and 473?
43
Let y be 88/(-33)*(-1 - 8). Suppose y*t - 408 = 192. What is the greatest common divisor of 50 and t?
25
Suppose -134*l = -754 - 720. What is the greatest common divisor of 55 and l?
11
Let q = -25 + 27. Let l = 22 - q. Let r = -163 + 168. Calculate the greatest common divisor of r and l.
5
Let p = -433 - -252. Let n = p + 189. What is the highest common factor of 10 and n?
2
Let g be (10/4 - (275/10)/1)*-2. Calculate the highest common factor of 6850 and g.
50
Let a(f) = f**2 + 6*f - 3. Let x be a(-6). Let b be (-6 - -5)*(x + 1). Suppose 4 + 13 = w + t, 0 = b*t + 6. Calculate the greatest common divisor of w and 60.
20
Let o = 656 - 729. Let b = o - -297. What is the greatest common factor of 42 and b?
14
Let s be 3/(1*(-1)/(-7)). Suppose 28*x - 151*x + 2417 = -166. Calculate the greatest common factor of s and x.
21
Suppose -21813 = -22*v - 6237. What is the greatest common factor of v and 264?
12
Suppose -191*n - 2*t + 7 = -188*n, 5*t + 21 = -2*n. Calculate the highest common divisor of 3304 and n.
7
Let z(i) = -5*i**3 - 26*i**2 - 7*i + 6. Let k be z(-5). Let n(c) = 15*c + 8. Let x be n(8). What is the greatest common divisor of x and k?
16
Suppose 5*k + 108 = -f + 3*k, 2*k = 2*f + 198. Let m be (f/(-9))/(2/3). What is the highest common divisor of m and 51?
17
Let k be (15*24/27)/((-2)/(-6)). Let w be 3/((-27)/(-168))*90/k. Let x = w + -27. Calculate the greatest common factor of 15 and x.
15
Suppose 28726 = 16*m + 26678. What is the greatest common divisor of 3008 and m?
64
Let m be (2 - 57/14 - (-16)/28)*-266. Calculate the highest common factor of m and 3078.
57
Let l be ((-806)/(-78) - 10)/(2/6024). Calculate the highest common factor of 4 and l.
4
Let l = -395 + 437. Suppose -222 = -q + l. Suppose 0 = 3*f - 30 - 42. Calculate the greatest common divisor of f and q.
24
Suppose w + 105142 = 5*r, 4*r - 40095 = -2*w + 44013. Calculate the highest common divisor of r and 28.
28
Let h(s) = s + 72. Let n = 58 - 58. Let y be h(n). Let t = -62 + y. Calculate the greatest common factor of t and 80.
10
Let g be 37/(-333) + 3 + 2812/36. Calculate the greatest common factor of 837 and g.
27
Let m(f) = -69*f**2 + 3*f - 3. Let n be m(1). Let k = 126 + n. Let g = -27 + k. What is the greatest common factor of 15 and g?
15
Let c be 152 + -150 + (-180)/(-2). Calculate the greatest common divisor of c and 100.
4
Let p = -29630 - -30306. What is the greatest common divisor of p and 16?
4
Suppose 5*y = -356 - 269. Let n = -69 - y. Let g = -926 - -940. Calculate the highest common factor of n and g.
14
Let z = 262 - 182. Suppose 8*f + 6 = 46. Suppose 3*y - f*y + 20 = 0. Calculate the greatest common divisor of y and z.
10
Let y = -1967 - -3015. Let j be 5/2 - y/(-16). What is the greatest common factor of j and 17?
17
Let p = 6 + -10. Let l be 4*((-7)/p + 0). Suppose -5 - 2 = 56*f - 63*f. What is the greatest common divisor of f and l?
1
Suppose 2*q - 3*i = 278, -87*i + 91*i + 688 = 5*q. What is the greatest common factor of 72 and q?
8
Suppose -119 - 313 = -9*n. Let q(c) = -c**2 + 8*c + 4. Let b be q(6). Let v = b + -4. What is the highest common divisor of n and v?
12
Suppose 106*b - 23*b = -54*b + 32606. What is the greatest common divisor of 49 and b?
7
Let m = 187 - -213. Suppose 52*x = 10*x + 546. Let l = x + 37. Calculate the highest common factor of m and l.
50
Let r(a) = a**2 - a - 8. Let c be r(0). Let v be (35/(-20))/(2 - 66/32). Let i = c + v. What is the highest common factor of 30 and i?
10
Suppose -48*a + 10838 = 9521 - 19851. What is the highest common divisor of a and 135?
9
Let p(z) = -16*z + 209. Let w = -719 + 723. Let f be p(w). Let s be (58/8)/(3/12). Calculate the highest common factor of s and f.
29
Let j = 192064 + -191574. Let y(v) = v**2 + 5*v - 4. Let a be y(-7). What is the highest common factor of j and a?
10
Let m = -654 - -834. Suppose 19*b - 541 = -m. Calculate the highest common divisor of 1 and b.
1
Let v(d) = d**2 + 6*d + 3. Let n be v(-5). Let j be 2 - 114/9 - n/3. Let i be (32/j)/(4/(-10)). Calculate the highest common factor of i and 16.
8
Suppose 4*i = 20, -47*i = -2*l - 46*i + 45. What is the highest common factor of l and 4550?
25
Let x be (-2880)/(-7680) - ((-21)/8 - -1). Calculate the highest common divisor of 12778 and x.
2
Suppose 4*p = -v + 565, 5*p - 485 - 210 = v. Let m = 20477 + -20393. What is the greatest common factor of m and p?
28
Suppose 28*h - 77 = -217. Let i(m) = -m**2 - 18*m - 5. Let a be i(h). Let x = -19 + 34. Calculate the greatest common factor of x and a.
15
Suppose 732 = -125*t + 2982. What is the greatest common factor of t and 6174?
18
Suppose -4*o + 81 = -55. Let h = o - 31. Suppose -50 = -2*p - 2*f, 1 = f - h. Calculate the highest common divisor of 189 and p.
21
Let q be ((-132)/(-18))/((-2)/(-3)). What is the highest common factor of 649 and q?
11
Suppose w + 4*a - 100 = 0, 5*a = -w + 115 - 14. Let c(g) = 60*g + 22. Let f be c(-2). Let x = 146 + f. What is the highest common divisor of w and x?
48
Let w = 8998 - 8296. What is the greatest common factor of w and 208?
26
Suppose 3*s - 113*k = -108*k + 1439, 5*s - 2*k - 2373 = 0. Calculate the greatest common factor of s and 374.
11
Let k(m) = 3*m - 50. Let v be k(19). Suppose 6*y - 3*c = v*y - 8, -4*c = 3*y - 24. Calculate the greatest common factor of 4 and y.
4
Let f be 4*(2 + (-7)/12*3). Let d be 26 - (2 + -2)*(f + 0). Suppose 0 = 9*r - d - 64. Calculate the highest common divisor of r and 80.
10
Suppose -5*h = -a - 75, 0 = -5*h + 5*a + 28 + 27. Let j(s) = -s**3 - 22*s**2 + 22*s - 32. Let y be j(-24). What is the greatest common factor of h and y?
16
Let t = 44249 + -43212. What is the highest common factor of t and 1190?
17
Let i be (55/(-10) - -4)/((-36)/2640). Calculate the highest common factor of 3025 and i.
55
Let a = -51 - -57. Let d(v) = -v**3 + 5*v**2 + 4*v + 14. Let u be d(a). Suppose 41 - 15 = u*n. What is the highest common factor of n and 52?
13
Let w(n) = -n**3 - 15*n**2 + 16*n + 15. Let a be (12/1)/(((-819)/52)/21). Let l be w(a). Calculate the greatest common factor of 60 and l.
15
Let j be -28*20/40*(0 + -2)*5. What is the greatest common factor of 5740 and j?
140
Suppose -56*h + 4074 = 41*h. Let j be 28/70 + (-523)/(-5). What is the highest common factor of h and j?
21
Suppose 2*i - 1040 = -5*r - 331, -152 = -r + 3*i. Suppose -14*c - r = -25*c. Calculate the highest common divisor of c and 2.
1
Let q = 4375 + -3595. Calculate the highest common factor of 455 and q.
65
Let u = -460 - 277. Let y = -663 - u. Calculate the highest common divisor of 37 and y.
37
Let f(v) = -2*v**2 - 53*v - 47. Let x be f(-15). Let k = x - 145. What is the greatest common divisor of k and 9?
9
Let g(m) be the second derivative of m**3/6 + 11*m**2 - 30